{"id":2,"date":"2018-03-23T20:25:23","date_gmt":"2018-03-23T19:25:23","guid":{"rendered":"http:\/\/gommascope.org\/?page_id=2"},"modified":"2023-11-13T13:52:00","modified_gmt":"2023-11-13T12:52:00","slug":"atelier-bande-dessinee","status":"publish","type":"page","link":"https:\/\/gommascope.org\/index.php\/ateliers\/atelier-bande-dessinee\/","title":{"rendered":"Bande-dessin\u00e9e"},"content":{"rendered":"<p><strong>ATELIERS DE BANDE-DESSIN\u00c9E<br \/>\n<\/strong>Anim\u00e9s par Amandine Wadre Puntous<\/p>\n<p><img loading=\"lazy\" decoding=\"async\" class=\"alignnone size-medium wp-image-112\" src=\"https:\/\/gommascope.org\/wp-content\/uploads\/2018\/03\/3-1-300x225.jpg\" alt=\"\" width=\"300\" height=\"225\" srcset=\"https:\/\/gommascope.org\/wp-content\/uploads\/2018\/03\/3-1-300x225.jpg 300w, https:\/\/gommascope.org\/wp-content\/uploads\/2018\/03\/3-1-768x576.jpg 768w, https:\/\/gommascope.org\/wp-content\/uploads\/2018\/03\/3-1.jpg 960w\" sizes=\"auto, (max-width: 300px) 100vw, 300px\" \/>\u00a0\u00a0<img loading=\"lazy\" decoding=\"async\" class=\"alignnone size-medium wp-image-117\" src=\"https:\/\/gommascope.org\/wp-content\/uploads\/2018\/03\/4-1-300x225.jpg\" alt=\"\" width=\"300\" height=\"225\" srcset=\"https:\/\/gommascope.org\/wp-content\/uploads\/2018\/03\/4-1-300x225.jpg 300w, https:\/\/gommascope.org\/wp-content\/uploads\/2018\/03\/4-1-768x576.jpg 768w, https:\/\/gommascope.org\/wp-content\/uploads\/2018\/03\/4-1.jpg 960w\" sizes=\"auto, (max-width: 300px) 100vw, 300px\" \/><\/p>\n<p><strong>OBJECTIFS<\/strong><\/p>\n<p>Apprendre \u00e0 raconter en image et transmettre un message gr\u00e2ce au dessin et la succession des plans.<\/p>\n<ul>\n<li><strong>L\u2019art de la bande-dessin\u00e9e ou \u00abart s\u00e9quentiel\u00bb\u00a0<\/strong><br \/>\nConnaissance de l\u2019histoire de la BD, des diff\u00e9rents styles et du vocabulaire utile \u00e0 sa r\u00e9alisation. (Storyboard, cases, bulles, plans &#8230;)<\/li>\n<li><strong>R\u00e9daction d\u2019un sc\u00e9nario<\/strong> et des \u00e9tapes cl\u00e9s qui le composent (sc\u00e8ne d\u2019exposition, \u00e9l\u00e9ment perturbateur, action, obstacle, objectif&#8230;)<\/li>\n<li><strong>Connaissance des diff\u00e9rents plans<\/strong><br \/>\nCadrages utiles pour raconter une histoire (plan large, gros plan, plong\u00e9e&#8230;) et du langage technique propre \u00e0 la cr\u00e9ation d\u2019une image (vue de face, de profil, champ, hors champ&#8230;).<\/li>\n<li><strong>Dessin de personnages<\/strong><br \/>\nCr\u00e9ation de personnages, retranscription du mouvement et des rapports de proportions, notions d\u2019\u00e9chelle, de volume et de perspective.<\/li>\n<\/ul>\n<hr \/>\n<p><strong>ATELIERS PROPOS\u00c9S<\/strong><\/p>\n<p><img loading=\"lazy\" decoding=\"async\" class=\"alignleft wp-image-113 \" src=\"https:\/\/gommascope.org\/wp-content\/uploads\/2018\/03\/6-150x150.jpg\" alt=\"\" width=\"170\" height=\"170\" srcset=\"https:\/\/gommascope.org\/wp-content\/uploads\/2018\/03\/6-150x150.jpg 150w, https:\/\/gommascope.org\/wp-content\/uploads\/2018\/03\/6-300x300.jpg 300w\" sizes=\"auto, (max-width: 170px) 100vw, 170px\" \/><\/p>\n<p><strong>ATELIER Premi\u00e8re planche de BD<\/strong><\/p>\n<p>Cet atelier accompagne les participants dans la r\u00e9alisation de leur premi\u00e8re planche de bande-dessin\u00e9e.<br \/>\nApr\u00e8s avoir r\u00e9dig\u00e9 le sc\u00e9nario et cr\u00e9\u00e9 les h\u00e9ros de l\u2019histoire, les participants vont d\u00e9couvrir les diff\u00e9rentes \u00e9tapes de cr\u00e9ation d\u2019une planche de BD.<br \/>\n<strong>PUBLIC<\/strong> 9 &#8211; 16 ans<br \/>\n<strong>DUR\u00c9E<\/strong> 12h<\/p>\n<p><img loading=\"lazy\" decoding=\"async\" class=\"alignleft wp-image-114 \" src=\"https:\/\/gommascope.org\/wp-content\/uploads\/2018\/03\/DSC03305-150x150.jpg\" alt=\"\" width=\"169\" height=\"168\" srcset=\"https:\/\/gommascope.org\/wp-content\/uploads\/2018\/03\/DSC03305-150x150.jpg 150w, https:\/\/gommascope.org\/wp-content\/uploads\/2018\/03\/DSC03305-300x300.jpg 300w\" sizes=\"auto, (max-width: 169px) 100vw, 169px\" \/><\/p>\n<p><strong>ATELIER Premier album<\/strong><br \/>\nCet atelier accompagne les participants dans la r\u00e9alisation et l\u2019\u00e9dition de leur premier album de bande-dessin\u00e9e.<br \/>\nDe la cr\u00e9ation du sc\u00e9nario, personnages principaux et planches de bande-dessin\u00e9es \u00e0 la fabrication d\u2019un livre reli\u00e9 \u00e0 la main, et la mise en ligne du r\u00e9sultat en ligne.<\/p>\n<p><strong>PUBLIC<\/strong> 9 &#8211; 16 ans<br \/>\n<strong>DUR\u00c9E<\/strong>\u00a030h<\/p>\n<p>Pour une documentation plus compl\u00e8te (d\u00e9roulement, tarifs, mat\u00e9riel) , t\u00e9l\u00e9chargez la plaquette de l&rsquo;\u00a0<a href=\"https:\/\/gommascope.org\/wp-content\/uploads\/2018\/03\/Atelier-bande-dessinee.pdf\">Atelier bande dessinee<\/a><\/p>\n","protected":false},"excerpt":{"rendered":"<p>ATELIERS DE BANDE-DESSIN\u00c9E Anim\u00e9s par Amandine Wadre Puntous \u00a0\u00a0 OBJECTIFS Apprendre \u00e0 raconter en image et transmettre un message gr\u00e2ce au dessin et la succession des plans. L\u2019art de la bande-dessin\u00e9e ou \u00abart s\u00e9quentiel\u00bb\u00a0 Connaissance de l\u2019histoire de la BD, des diff\u00e9rents styles et du vocabulaire utile \u00e0 sa r\u00e9alisation. (Storyboard, cases, bulles, plans &#8230;) [&hellip;]<\/p>\n","protected":false},"author":1,"featured_media":0,"parent":131,"menu_order":0,"comment_status":"closed","ping_status":"closed","template":"","meta":{"footnotes":""},"class_list":["post-2","page","type-page","status-publish","hentry"],"yoast_head":"<!-- This site is optimized with the Yoast SEO plugin v26.3 - https:\/\/yoast.com\/wordpress\/plugins\/seo\/ -->\n<title>Bande-dessin\u00e9e - Le Gommascope<\/title>\n<meta name=\"robots\" content=\"index, follow, max-snippet:-1, max-image-preview:large, max-video-preview:-1\" \/>\n<link rel=\"canonical\" href=\"https:\/\/gommascope.org\/index.php\/ateliers\/atelier-bande-dessinee\/\" \/>\n<meta property=\"og:locale\" content=\"fr_FR\" \/>\n<meta property=\"og:type\" content=\"article\" \/>\n<meta property=\"og:title\" content=\"Bande-dessin\u00e9e - Le Gommascope\" \/>\n<meta property=\"og:description\" content=\"ATELIERS DE BANDE-DESSIN\u00c9E Anim\u00e9s par Amandine Wadre Puntous \u00a0\u00a0 OBJECTIFS Apprendre \u00e0 raconter en image et transmettre un message gr\u00e2ce au dessin et la succession des plans. L\u2019art de la bande-dessin\u00e9e ou \u00abart s\u00e9quentiel\u00bb\u00a0 Connaissance de l\u2019histoire de la BD, des diff\u00e9rents styles et du vocabulaire utile \u00e0 sa r\u00e9alisation. (Storyboard, cases, bulles, plans &#8230;) [&hellip;]\" \/>\n<meta property=\"og:url\" content=\"https:\/\/gommascope.org\/index.php\/ateliers\/atelier-bande-dessinee\/\" \/>\n<meta property=\"og:site_name\" content=\"Le Gommascope\" \/>\n<meta property=\"article:modified_time\" content=\"2023-11-13T12:52:00+00:00\" \/>\n<meta property=\"og:image\" content=\"http:\/\/gommascope.org\/wp-content\/uploads\/2018\/03\/3-1-300x225.jpg\" \/>\n<meta name=\"twitter:card\" content=\"summary_large_image\" \/>\n<meta name=\"twitter:label1\" content=\"Dur\u00e9e de lecture estim\u00e9e\" \/>\n\t<meta name=\"twitter:data1\" content=\"3 minutes\" \/>\n<script type=\"application\/ld+json\" class=\"yoast-schema-graph\">{\"@context\":\"https:\/\/schema.org\",\"@graph\":[{\"@type\":\"WebPage\",\"@id\":\"https:\/\/gommascope.org\/index.php\/ateliers\/atelier-bande-dessinee\/\",\"url\":\"https:\/\/gommascope.org\/index.php\/ateliers\/atelier-bande-dessinee\/\",\"name\":\"Bande-dessin\u00e9e - Le Gommascope\",\"isPartOf\":{\"@id\":\"https:\/\/gommascope.org\/#website\"},\"primaryImageOfPage\":{\"@id\":\"https:\/\/gommascope.org\/index.php\/ateliers\/atelier-bande-dessinee\/#primaryimage\"},\"image\":{\"@id\":\"https:\/\/gommascope.org\/index.php\/ateliers\/atelier-bande-dessinee\/#primaryimage\"},\"thumbnailUrl\":\"http:\/\/gommascope.org\/wp-content\/uploads\/2018\/03\/3-1-300x225.jpg\",\"datePublished\":\"2018-03-23T19:25:23+00:00\",\"dateModified\":\"2023-11-13T12:52:00+00:00\",\"breadcrumb\":{\"@id\":\"https:\/\/gommascope.org\/index.php\/ateliers\/atelier-bande-dessinee\/#breadcrumb\"},\"inLanguage\":\"fr-FR\",\"potentialAction\":[{\"@type\":\"ReadAction\",\"target\":[\"https:\/\/gommascope.org\/index.php\/ateliers\/atelier-bande-dessinee\/\"]}]},{\"@type\":\"ImageObject\",\"inLanguage\":\"fr-FR\",\"@id\":\"https:\/\/gommascope.org\/index.php\/ateliers\/atelier-bande-dessinee\/#primaryimage\",\"url\":\"http:\/\/gommascope.org\/wp-content\/uploads\/2018\/03\/3-1-300x225.jpg\",\"contentUrl\":\"http:\/\/gommascope.org\/wp-content\/uploads\/2018\/03\/3-1-300x225.jpg\"},{\"@type\":\"BreadcrumbList\",\"@id\":\"https:\/\/gommascope.org\/index.php\/ateliers\/atelier-bande-dessinee\/#breadcrumb\",\"itemListElement\":[{\"@type\":\"ListItem\",\"position\":1,\"name\":\"Accueil\",\"item\":\"https:\/\/gommascope.org\/\"},{\"@type\":\"ListItem\",\"position\":2,\"name\":\"Nos ateliers\",\"item\":\"https:\/\/gommascope.org\/index.php\/ateliers\/\"},{\"@type\":\"ListItem\",\"position\":3,\"name\":\"Bande-dessin\u00e9e\"}]},{\"@type\":\"WebSite\",\"@id\":\"https:\/\/gommascope.org\/#website\",\"url\":\"https:\/\/gommascope.org\/\",\"name\":\"Le Gommascope\",\"description\":\"Ateliers de cr\u00e9ation artistique et d\u2019\u00e9ducation \u00e0 l\u2019image\",\"publisher\":{\"@id\":\"https:\/\/gommascope.org\/#organization\"},\"potentialAction\":[{\"@type\":\"SearchAction\",\"target\":{\"@type\":\"EntryPoint\",\"urlTemplate\":\"https:\/\/gommascope.org\/?s={search_term_string}\"},\"query-input\":{\"@type\":\"PropertyValueSpecification\",\"valueRequired\":true,\"valueName\":\"search_term_string\"}}],\"inLanguage\":\"fr-FR\"},{\"@type\":\"Organization\",\"@id\":\"https:\/\/gommascope.org\/#organization\",\"name\":\"Le Gommascope\",\"url\":\"https:\/\/gommascope.org\/\",\"logo\":{\"@type\":\"ImageObject\",\"inLanguage\":\"fr-FR\",\"@id\":\"https:\/\/gommascope.org\/#\/schema\/logo\/image\/\",\"url\":\"https:\/\/gommascope.org\/wp-content\/uploads\/2023\/10\/logo-webp.webp\",\"contentUrl\":\"https:\/\/gommascope.org\/wp-content\/uploads\/2023\/10\/logo-webp.webp\",\"width\":92,\"height\":92,\"caption\":\"Le Gommascope\"},\"image\":{\"@id\":\"https:\/\/gommascope.org\/#\/schema\/logo\/image\/\"}}]}<\/script>\n<!-- \/ Yoast SEO plugin. -->","yoast_head_json":{"title":"Bande-dessin\u00e9e - Le Gommascope","robots":{"index":"index","follow":"follow","max-snippet":"max-snippet:-1","max-image-preview":"max-image-preview:large","max-video-preview":"max-video-preview:-1"},"canonical":"https:\/\/gommascope.org\/index.php\/ateliers\/atelier-bande-dessinee\/","og_locale":"fr_FR","og_type":"article","og_title":"Bande-dessin\u00e9e - Le Gommascope","og_description":"ATELIERS DE BANDE-DESSIN\u00c9E Anim\u00e9s par Amandine Wadre Puntous \u00a0\u00a0 OBJECTIFS Apprendre \u00e0 raconter en image et transmettre un message gr\u00e2ce au dessin et la succession des plans. L\u2019art de la bande-dessin\u00e9e ou \u00abart s\u00e9quentiel\u00bb\u00a0 Connaissance de l\u2019histoire de la BD, des diff\u00e9rents styles et du vocabulaire utile \u00e0 sa r\u00e9alisation. (Storyboard, cases, bulles, plans &#8230;) [&hellip;]","og_url":"https:\/\/gommascope.org\/index.php\/ateliers\/atelier-bande-dessinee\/","og_site_name":"Le Gommascope","article_modified_time":"2023-11-13T12:52:00+00:00","og_image":[{"url":"http:\/\/gommascope.org\/wp-content\/uploads\/2018\/03\/3-1-300x225.jpg","type":"","width":"","height":""}],"twitter_card":"summary_large_image","twitter_misc":{"Dur\u00e9e de lecture estim\u00e9e":"3 minutes"},"schema":{"@context":"https:\/\/schema.org","@graph":[{"@type":"WebPage","@id":"https:\/\/gommascope.org\/index.php\/ateliers\/atelier-bande-dessinee\/","url":"https:\/\/gommascope.org\/index.php\/ateliers\/atelier-bande-dessinee\/","name":"Bande-dessin\u00e9e - Le Gommascope","isPartOf":{"@id":"https:\/\/gommascope.org\/#website"},"primaryImageOfPage":{"@id":"https:\/\/gommascope.org\/index.php\/ateliers\/atelier-bande-dessinee\/#primaryimage"},"image":{"@id":"https:\/\/gommascope.org\/index.php\/ateliers\/atelier-bande-dessinee\/#primaryimage"},"thumbnailUrl":"http:\/\/gommascope.org\/wp-content\/uploads\/2018\/03\/3-1-300x225.jpg","datePublished":"2018-03-23T19:25:23+00:00","dateModified":"2023-11-13T12:52:00+00:00","breadcrumb":{"@id":"https:\/\/gommascope.org\/index.php\/ateliers\/atelier-bande-dessinee\/#breadcrumb"},"inLanguage":"fr-FR","potentialAction":[{"@type":"ReadAction","target":["https:\/\/gommascope.org\/index.php\/ateliers\/atelier-bande-dessinee\/"]}]},{"@type":"ImageObject","inLanguage":"fr-FR","@id":"https:\/\/gommascope.org\/index.php\/ateliers\/atelier-bande-dessinee\/#primaryimage","url":"http:\/\/gommascope.org\/wp-content\/uploads\/2018\/03\/3-1-300x225.jpg","contentUrl":"http:\/\/gommascope.org\/wp-content\/uploads\/2018\/03\/3-1-300x225.jpg"},{"@type":"BreadcrumbList","@id":"https:\/\/gommascope.org\/index.php\/ateliers\/atelier-bande-dessinee\/#breadcrumb","itemListElement":[{"@type":"ListItem","position":1,"name":"Accueil","item":"https:\/\/gommascope.org\/"},{"@type":"ListItem","position":2,"name":"Nos ateliers","item":"https:\/\/gommascope.org\/index.php\/ateliers\/"},{"@type":"ListItem","position":3,"name":"Bande-dessin\u00e9e"}]},{"@type":"WebSite","@id":"https:\/\/gommascope.org\/#website","url":"https:\/\/gommascope.org\/","name":"Le Gommascope","description":"Ateliers de cr\u00e9ation artistique et d\u2019\u00e9ducation \u00e0 l\u2019image","publisher":{"@id":"https:\/\/gommascope.org\/#organization"},"potentialAction":[{"@type":"SearchAction","target":{"@type":"EntryPoint","urlTemplate":"https:\/\/gommascope.org\/?s={search_term_string}"},"query-input":{"@type":"PropertyValueSpecification","valueRequired":true,"valueName":"search_term_string"}}],"inLanguage":"fr-FR"},{"@type":"Organization","@id":"https:\/\/gommascope.org\/#organization","name":"Le Gommascope","url":"https:\/\/gommascope.org\/","logo":{"@type":"ImageObject","inLanguage":"fr-FR","@id":"https:\/\/gommascope.org\/#\/schema\/logo\/image\/","url":"https:\/\/gommascope.org\/wp-content\/uploads\/2023\/10\/logo-webp.webp","contentUrl":"https:\/\/gommascope.org\/wp-content\/uploads\/2023\/10\/logo-webp.webp","width":92,"height":92,"caption":"Le Gommascope"},"image":{"@id":"https:\/\/gommascope.org\/#\/schema\/logo\/image\/"}}]}},"_links":{"self":[{"href":"https:\/\/gommascope.org\/index.php\/wp-json\/wp\/v2\/pages\/2","targetHints":{"allow":["GET"]}}],"collection":[{"href":"https:\/\/gommascope.org\/index.php\/wp-json\/wp\/v2\/pages"}],"about":[{"href":"https:\/\/gommascope.org\/index.php\/wp-json\/wp\/v2\/types\/page"}],"author":[{"embeddable":true,"href":"https:\/\/gommascope.org\/index.php\/wp-json\/wp\/v2\/users\/1"}],"replies":[{"embeddable":true,"href":"https:\/\/gommascope.org\/index.php\/wp-json\/wp\/v2\/comments?post=2"}],"version-history":[{"count":14,"href":"https:\/\/gommascope.org\/index.php\/wp-json\/wp\/v2\/pages\/2\/revisions"}],"predecessor-version":[{"id":445,"href":"https:\/\/gommascope.org\/index.php\/wp-json\/wp\/v2\/pages\/2\/revisions\/445"}],"up":[{"embeddable":true,"href":"https:\/\/gommascope.org\/index.php\/wp-json\/wp\/v2\/pages\/131"}],"wp:attachment":[{"href":"https:\/\/gommascope.org\/index.php\/wp-json\/wp\/v2\/media?parent=2"}],"curies":[{"name":"wp","href":"https:\/\/api.w.org\/{rel}","templated":true}]}}