{"id":549,"date":"2023-01-13T10:35:52","date_gmt":"2023-01-13T09:35:52","guid":{"rendered":"https:\/\/gommascope.org\/?page_id=549"},"modified":"2023-01-13T11:04:28","modified_gmt":"2023-01-13T10:04:28","slug":"atelier-folioscope","status":"publish","type":"page","link":"https:\/\/gommascope.org\/index.php\/ateliers\/atelier-folioscope\/","title":{"rendered":"Atelier folioscope"},"content":{"rendered":"\n<blockquote class=\"wp-block-quote is-layout-flow wp-block-quote-is-layout-flow\">\n<p>Une pinc\u00e9e de photographie<br>et une pointe de cin\u00e9ma d&rsquo;animation<br>pour cr\u00e9er de petits folioscopes<br>po\u00e9tiques et savoureusement anim\u00e9s.<\/p>\n<\/blockquote>\n\n\n\n<figure class=\"wp-block-image alignright size-medium\"><img loading=\"lazy\" decoding=\"async\" width=\"169\" height=\"300\" src=\"https:\/\/gommascope.org\/wp-content\/uploads\/2023\/01\/DSC_0272-169x300.jpg\" alt=\"vue \u00e9clat\u00e9e d'un flipbook\" class=\"wp-image-550\" srcset=\"https:\/\/gommascope.org\/wp-content\/uploads\/2023\/01\/DSC_0272-169x300.jpg 169w, https:\/\/gommascope.org\/wp-content\/uploads\/2023\/01\/DSC_0272-576x1024.jpg 576w, https:\/\/gommascope.org\/wp-content\/uploads\/2023\/01\/DSC_0272-768x1365.jpg 768w, https:\/\/gommascope.org\/wp-content\/uploads\/2023\/01\/DSC_0272-864x1536.jpg 864w, https:\/\/gommascope.org\/wp-content\/uploads\/2023\/01\/DSC_0272-1152x2048.jpg 1152w, https:\/\/gommascope.org\/wp-content\/uploads\/2023\/01\/DSC_0272-1200x2133.jpg 1200w, https:\/\/gommascope.org\/wp-content\/uploads\/2023\/01\/DSC_0272-1980x3520.jpg 1980w, https:\/\/gommascope.org\/wp-content\/uploads\/2023\/01\/DSC_0272-1320x2347.jpg 1320w, https:\/\/gommascope.org\/wp-content\/uploads\/2023\/01\/DSC_0272-scaled.jpg 1440w\" sizes=\"auto, (max-width: 169px) 100vw, 169px\" \/><figcaption class=\"wp-element-caption\">vue \u00e9clat\u00e9e d&rsquo;un flipbook<\/figcaption><\/figure>\n\n\n\n<figure class=\"wp-block-image alignleft size-medium\"><img loading=\"lazy\" decoding=\"async\" width=\"300\" height=\"199\" src=\"https:\/\/gommascope.org\/wp-content\/uploads\/2023\/01\/dessin3-300x199.png\" alt=\"Cr\u00e9ation de folioscope \u00e0 partir de photographies\" class=\"wp-image-556\" srcset=\"https:\/\/gommascope.org\/wp-content\/uploads\/2023\/01\/dessin3-300x199.png 300w, https:\/\/gommascope.org\/wp-content\/uploads\/2023\/01\/dessin3-1024x681.png 1024w, https:\/\/gommascope.org\/wp-content\/uploads\/2023\/01\/dessin3-768x511.png 768w, https:\/\/gommascope.org\/wp-content\/uploads\/2023\/01\/dessin3-1536x1021.png 1536w, https:\/\/gommascope.org\/wp-content\/uploads\/2023\/01\/dessin3-1200x798.png 1200w, https:\/\/gommascope.org\/wp-content\/uploads\/2023\/01\/dessin3-1320x878.png 1320w, https:\/\/gommascope.org\/wp-content\/uploads\/2023\/01\/dessin3.png 1656w\" sizes=\"auto, (max-width: 300px) 100vw, 300px\" \/><figcaption class=\"wp-element-caption\">Cr\u00e9ation de folioscope \u00e0 partir de photographies<\/figcaption><\/figure>\n\n\n\n<p>Anim\u00e9 par Nicolas Boug\u00e8re et Julie Hauber<br><br>Initiation \u00e0 la photographie et au dessin anim\u00e9.<br>Cet atelier permet aux participants de r\u00e9aliser un folioscope ou flipbook unique et original.<\/p>\n\n\n\n<p><\/p>\n\n\n\n<p><strong>PUBLIC :<\/strong> \u00e0 partir du CP<br><strong>DUR\u00c9E : <\/strong>6h, 1 journ\u00e9e<\/p>\n\n\n\n<figure class=\"wp-block-image alignleft size-medium\"><img loading=\"lazy\" decoding=\"async\" width=\"300\" height=\"288\" src=\"https:\/\/gommascope.org\/wp-content\/uploads\/2023\/01\/dessin1-300x288.png\" alt=\"Dessin des diff\u00e9rentes images\" class=\"wp-image-555\" srcset=\"https:\/\/gommascope.org\/wp-content\/uploads\/2023\/01\/dessin1-300x288.png 300w, https:\/\/gommascope.org\/wp-content\/uploads\/2023\/01\/dessin1-1024x985.png 1024w, https:\/\/gommascope.org\/wp-content\/uploads\/2023\/01\/dessin1-768x738.png 768w, https:\/\/gommascope.org\/wp-content\/uploads\/2023\/01\/dessin1-1200x1154.png 1200w, https:\/\/gommascope.org\/wp-content\/uploads\/2023\/01\/dessin1.png 1245w\" sizes=\"auto, (max-width: 300px) 100vw, 300px\" \/><figcaption class=\"wp-element-caption\">Dessin des diff\u00e9rentes images<\/figcaption><\/figure>\n\n\n\n<p><strong>OBJECTIFS:<\/strong><\/p>\n\n\n\n<ul class=\"wp-block-list\">\n<li>Faire d\u00e9couvrir aux \u00e9l\u00e8ves les principes de bases de la photographie et du cin\u00e9ma d\u2019animation au moyen d\u2019outils et de techniques faciles \u00e0 mettre en \u0153uvre.<\/li>\n\n\n\n<li>S\u2019initier \u00e0 la photographie de paysage.<\/li>\n\n\n\n<li>S\u2019initier \u00e0 l\u2019animation \u00e0 travers la d\u00e9couverte du dessin anim\u00e9 et la cr\u00e9ation d\u2019un folioscope.<\/li>\n\n\n\n<li>Exprimer sa cr\u00e9ativit\u00e9 et son imagination<\/li>\n<\/ul>\n\n\n\n<p><\/p>\n\n\n\n<p>Consultez le lien suivant pour visualiser en vid\u00e9o quelques exemples : <a href=\"https:\/\/vimeo.com\/711660036\">https:\/\/vimeo.com\/711660036<\/a><\/p>\n\n\n\n<div class=\"wp-block-buttons is-content-justification-center is-layout-flex wp-container-core-buttons-is-layout-a89b3969 wp-block-buttons-is-layout-flex\">\n<div class=\"wp-block-button\"><a class=\"wp-block-button__link wp-element-button\" href=\"https:\/\/gommascope.org\/wp-content\/uploads\/2023\/01\/Atelier-folioscope.pdf\">T\u00e9l\u00e9charger la plaquette<\/a><\/div>\n<\/div>\n","protected":false},"excerpt":{"rendered":"<p>Une pinc\u00e9e de photographieet une pointe de cin\u00e9ma d&rsquo;animationpour cr\u00e9er de petits folioscopespo\u00e9tiques et savoureusement anim\u00e9s. Anim\u00e9 par Nicolas Boug\u00e8re et Julie Hauber Initiation \u00e0 la photographie et au dessin anim\u00e9.Cet atelier permet aux participants de r\u00e9aliser un folioscope ou flipbook unique et original. PUBLIC : \u00e0 partir du CPDUR\u00c9E : 6h, 1 journ\u00e9e OBJECTIFS: [&hellip;]<\/p>\n","protected":false},"author":1,"featured_media":562,"parent":131,"menu_order":0,"comment_status":"closed","ping_status":"closed","template":"","meta":{"footnotes":""},"class_list":["post-549","page","type-page","status-publish","has-post-thumbnail","hentry"],"yoast_head":"<!-- This site is optimized with the Yoast SEO plugin v26.3 - https:\/\/yoast.com\/wordpress\/plugins\/seo\/ -->\n<title>Atelier folioscope - Le Gommascope<\/title>\n<meta name=\"robots\" content=\"index, follow, max-snippet:-1, max-image-preview:large, max-video-preview:-1\" \/>\n<link rel=\"canonical\" href=\"https:\/\/gommascope.org\/index.php\/ateliers\/atelier-folioscope\/\" \/>\n<meta property=\"og:locale\" content=\"fr_FR\" \/>\n<meta property=\"og:type\" content=\"article\" \/>\n<meta property=\"og:title\" content=\"Atelier folioscope - Le Gommascope\" \/>\n<meta property=\"og:description\" content=\"Une pinc\u00e9e de photographieet une pointe de cin\u00e9ma d&rsquo;animationpour cr\u00e9er de petits folioscopespo\u00e9tiques et savoureusement anim\u00e9s. Anim\u00e9 par Nicolas Boug\u00e8re et Julie Hauber Initiation \u00e0 la photographie et au dessin anim\u00e9.Cet atelier permet aux participants de r\u00e9aliser un folioscope ou flipbook unique et original. PUBLIC : \u00e0 partir du CPDUR\u00c9E : 6h, 1 journ\u00e9e OBJECTIFS: [&hellip;]\" \/>\n<meta property=\"og:url\" content=\"https:\/\/gommascope.org\/index.php\/ateliers\/atelier-folioscope\/\" \/>\n<meta property=\"og:site_name\" content=\"Le Gommascope\" \/>\n<meta property=\"article:modified_time\" content=\"2023-01-13T10:04:28+00:00\" \/>\n<meta property=\"og:image\" content=\"https:\/\/gommascope.org\/wp-content\/uploads\/2023\/01\/entete-1024x576.png\" \/>\n\t<meta property=\"og:image:width\" content=\"1024\" \/>\n\t<meta property=\"og:image:height\" content=\"576\" \/>\n\t<meta property=\"og:image:type\" content=\"image\/png\" \/>\n<meta name=\"twitter:card\" content=\"summary_large_image\" \/>\n<meta name=\"twitter:label1\" content=\"Dur\u00e9e de lecture estim\u00e9e\" \/>\n\t<meta name=\"twitter:data1\" content=\"1 minute\" \/>\n<script type=\"application\/ld+json\" class=\"yoast-schema-graph\">{\"@context\":\"https:\/\/schema.org\",\"@graph\":[{\"@type\":\"WebPage\",\"@id\":\"https:\/\/gommascope.org\/index.php\/ateliers\/atelier-folioscope\/\",\"url\":\"https:\/\/gommascope.org\/index.php\/ateliers\/atelier-folioscope\/\",\"name\":\"Atelier folioscope - Le Gommascope\",\"isPartOf\":{\"@id\":\"https:\/\/gommascope.org\/#website\"},\"primaryImageOfPage\":{\"@id\":\"https:\/\/gommascope.org\/index.php\/ateliers\/atelier-folioscope\/#primaryimage\"},\"image\":{\"@id\":\"https:\/\/gommascope.org\/index.php\/ateliers\/atelier-folioscope\/#primaryimage\"},\"thumbnailUrl\":\"https:\/\/gommascope.org\/wp-content\/uploads\/2023\/01\/entete.png\",\"datePublished\":\"2023-01-13T09:35:52+00:00\",\"dateModified\":\"2023-01-13T10:04:28+00:00\",\"breadcrumb\":{\"@id\":\"https:\/\/gommascope.org\/index.php\/ateliers\/atelier-folioscope\/#breadcrumb\"},\"inLanguage\":\"fr-FR\",\"potentialAction\":[{\"@type\":\"ReadAction\",\"target\":[\"https:\/\/gommascope.org\/index.php\/ateliers\/atelier-folioscope\/\"]}]},{\"@type\":\"ImageObject\",\"inLanguage\":\"fr-FR\",\"@id\":\"https:\/\/gommascope.org\/index.php\/ateliers\/atelier-folioscope\/#primaryimage\",\"url\":\"https:\/\/gommascope.org\/wp-content\/uploads\/2023\/01\/entete.png\",\"contentUrl\":\"https:\/\/gommascope.org\/wp-content\/uploads\/2023\/01\/entete.png\",\"width\":5504,\"height\":3096},{\"@type\":\"BreadcrumbList\",\"@id\":\"https:\/\/gommascope.org\/index.php\/ateliers\/atelier-folioscope\/#breadcrumb\",\"itemListElement\":[{\"@type\":\"ListItem\",\"position\":1,\"name\":\"Accueil\",\"item\":\"https:\/\/gommascope.org\/\"},{\"@type\":\"ListItem\",\"position\":2,\"name\":\"Nos ateliers\",\"item\":\"https:\/\/gommascope.org\/index.php\/ateliers\/\"},{\"@type\":\"ListItem\",\"position\":3,\"name\":\"Atelier folioscope\"}]},{\"@type\":\"WebSite\",\"@id\":\"https:\/\/gommascope.org\/#website\",\"url\":\"https:\/\/gommascope.org\/\",\"name\":\"Le Gommascope\",\"description\":\"Ateliers de cr\u00e9ation artistique et d\u2019\u00e9ducation \u00e0 l\u2019image\",\"publisher\":{\"@id\":\"https:\/\/gommascope.org\/#organization\"},\"potentialAction\":[{\"@type\":\"SearchAction\",\"target\":{\"@type\":\"EntryPoint\",\"urlTemplate\":\"https:\/\/gommascope.org\/?s={search_term_string}\"},\"query-input\":{\"@type\":\"PropertyValueSpecification\",\"valueRequired\":true,\"valueName\":\"search_term_string\"}}],\"inLanguage\":\"fr-FR\"},{\"@type\":\"Organization\",\"@id\":\"https:\/\/gommascope.org\/#organization\",\"name\":\"Le Gommascope\",\"url\":\"https:\/\/gommascope.org\/\",\"logo\":{\"@type\":\"ImageObject\",\"inLanguage\":\"fr-FR\",\"@id\":\"https:\/\/gommascope.org\/#\/schema\/logo\/image\/\",\"url\":\"https:\/\/gommascope.org\/wp-content\/uploads\/2023\/10\/logo-webp.webp\",\"contentUrl\":\"https:\/\/gommascope.org\/wp-content\/uploads\/2023\/10\/logo-webp.webp\",\"width\":92,\"height\":92,\"caption\":\"Le Gommascope\"},\"image\":{\"@id\":\"https:\/\/gommascope.org\/#\/schema\/logo\/image\/\"}}]}<\/script>\n<!-- \/ Yoast SEO plugin. -->","yoast_head_json":{"title":"Atelier folioscope - Le Gommascope","robots":{"index":"index","follow":"follow","max-snippet":"max-snippet:-1","max-image-preview":"max-image-preview:large","max-video-preview":"max-video-preview:-1"},"canonical":"https:\/\/gommascope.org\/index.php\/ateliers\/atelier-folioscope\/","og_locale":"fr_FR","og_type":"article","og_title":"Atelier folioscope - Le Gommascope","og_description":"Une pinc\u00e9e de photographieet une pointe de cin\u00e9ma d&rsquo;animationpour cr\u00e9er de petits folioscopespo\u00e9tiques et savoureusement anim\u00e9s. Anim\u00e9 par Nicolas Boug\u00e8re et Julie Hauber Initiation \u00e0 la photographie et au dessin anim\u00e9.Cet atelier permet aux participants de r\u00e9aliser un folioscope ou flipbook unique et original. PUBLIC : \u00e0 partir du CPDUR\u00c9E : 6h, 1 journ\u00e9e OBJECTIFS: [&hellip;]","og_url":"https:\/\/gommascope.org\/index.php\/ateliers\/atelier-folioscope\/","og_site_name":"Le Gommascope","article_modified_time":"2023-01-13T10:04:28+00:00","og_image":[{"width":1024,"height":576,"url":"https:\/\/gommascope.org\/wp-content\/uploads\/2023\/01\/entete-1024x576.png","type":"image\/png"}],"twitter_card":"summary_large_image","twitter_misc":{"Dur\u00e9e de lecture estim\u00e9e":"1 minute"},"schema":{"@context":"https:\/\/schema.org","@graph":[{"@type":"WebPage","@id":"https:\/\/gommascope.org\/index.php\/ateliers\/atelier-folioscope\/","url":"https:\/\/gommascope.org\/index.php\/ateliers\/atelier-folioscope\/","name":"Atelier folioscope - Le Gommascope","isPartOf":{"@id":"https:\/\/gommascope.org\/#website"},"primaryImageOfPage":{"@id":"https:\/\/gommascope.org\/index.php\/ateliers\/atelier-folioscope\/#primaryimage"},"image":{"@id":"https:\/\/gommascope.org\/index.php\/ateliers\/atelier-folioscope\/#primaryimage"},"thumbnailUrl":"https:\/\/gommascope.org\/wp-content\/uploads\/2023\/01\/entete.png","datePublished":"2023-01-13T09:35:52+00:00","dateModified":"2023-01-13T10:04:28+00:00","breadcrumb":{"@id":"https:\/\/gommascope.org\/index.php\/ateliers\/atelier-folioscope\/#breadcrumb"},"inLanguage":"fr-FR","potentialAction":[{"@type":"ReadAction","target":["https:\/\/gommascope.org\/index.php\/ateliers\/atelier-folioscope\/"]}]},{"@type":"ImageObject","inLanguage":"fr-FR","@id":"https:\/\/gommascope.org\/index.php\/ateliers\/atelier-folioscope\/#primaryimage","url":"https:\/\/gommascope.org\/wp-content\/uploads\/2023\/01\/entete.png","contentUrl":"https:\/\/gommascope.org\/wp-content\/uploads\/2023\/01\/entete.png","width":5504,"height":3096},{"@type":"BreadcrumbList","@id":"https:\/\/gommascope.org\/index.php\/ateliers\/atelier-folioscope\/#breadcrumb","itemListElement":[{"@type":"ListItem","position":1,"name":"Accueil","item":"https:\/\/gommascope.org\/"},{"@type":"ListItem","position":2,"name":"Nos ateliers","item":"https:\/\/gommascope.org\/index.php\/ateliers\/"},{"@type":"ListItem","position":3,"name":"Atelier folioscope"}]},{"@type":"WebSite","@id":"https:\/\/gommascope.org\/#website","url":"https:\/\/gommascope.org\/","name":"Le Gommascope","description":"Ateliers de cr\u00e9ation artistique et d\u2019\u00e9ducation \u00e0 l\u2019image","publisher":{"@id":"https:\/\/gommascope.org\/#organization"},"potentialAction":[{"@type":"SearchAction","target":{"@type":"EntryPoint","urlTemplate":"https:\/\/gommascope.org\/?s={search_term_string}"},"query-input":{"@type":"PropertyValueSpecification","valueRequired":true,"valueName":"search_term_string"}}],"inLanguage":"fr-FR"},{"@type":"Organization","@id":"https:\/\/gommascope.org\/#organization","name":"Le Gommascope","url":"https:\/\/gommascope.org\/","logo":{"@type":"ImageObject","inLanguage":"fr-FR","@id":"https:\/\/gommascope.org\/#\/schema\/logo\/image\/","url":"https:\/\/gommascope.org\/wp-content\/uploads\/2023\/10\/logo-webp.webp","contentUrl":"https:\/\/gommascope.org\/wp-content\/uploads\/2023\/10\/logo-webp.webp","width":92,"height":92,"caption":"Le Gommascope"},"image":{"@id":"https:\/\/gommascope.org\/#\/schema\/logo\/image\/"}}]}},"_links":{"self":[{"href":"https:\/\/gommascope.org\/index.php\/wp-json\/wp\/v2\/pages\/549","targetHints":{"allow":["GET"]}}],"collection":[{"href":"https:\/\/gommascope.org\/index.php\/wp-json\/wp\/v2\/pages"}],"about":[{"href":"https:\/\/gommascope.org\/index.php\/wp-json\/wp\/v2\/types\/page"}],"author":[{"embeddable":true,"href":"https:\/\/gommascope.org\/index.php\/wp-json\/wp\/v2\/users\/1"}],"replies":[{"embeddable":true,"href":"https:\/\/gommascope.org\/index.php\/wp-json\/wp\/v2\/comments?post=549"}],"version-history":[{"count":8,"href":"https:\/\/gommascope.org\/index.php\/wp-json\/wp\/v2\/pages\/549\/revisions"}],"predecessor-version":[{"id":561,"href":"https:\/\/gommascope.org\/index.php\/wp-json\/wp\/v2\/pages\/549\/revisions\/561"}],"up":[{"embeddable":true,"href":"https:\/\/gommascope.org\/index.php\/wp-json\/wp\/v2\/pages\/131"}],"wp:featuredmedia":[{"embeddable":true,"href":"https:\/\/gommascope.org\/index.php\/wp-json\/wp\/v2\/media\/562"}],"wp:attachment":[{"href":"https:\/\/gommascope.org\/index.php\/wp-json\/wp\/v2\/media?parent=549"}],"curies":[{"name":"wp","href":"https:\/\/api.w.org\/{rel}","templated":true}]}}