{"id":755,"date":"2025-11-10T17:14:09","date_gmt":"2025-11-10T16:14:09","guid":{"rendered":"https:\/\/gommascope.org\/?page_id=755"},"modified":"2025-11-10T17:14:50","modified_gmt":"2025-11-10T16:14:50","slug":"ateliers-cinema-danimation-pour-mediatheques-festival","status":"publish","type":"page","link":"https:\/\/gommascope.org\/index.php\/ateliers-cinema-danimation-pour-mediatheques-festival\/","title":{"rendered":"Ateliers cin\u00e9ma d&rsquo;animation pour m\u00e9diath\u00e8ques, festival&#8230;"},"content":{"rendered":"\n<p>Deux programmes d&rsquo;atelier courts, 2 \u00e0 3 h autour du cin\u00e9ma d&rsquo;animation \u00e0 r\u00e9aliser lors d&rsquo;\u00e9v\u00e8nement, festival o\u00f9 en m\u00e9diath\u00e8que.<\/p>\n\n\n\n<div data-wp-interactive=\"core\/file\" class=\"wp-block-file\"><object data-wp-bind--hidden=\"!state.hasPdfPreview\" hidden class=\"wp-block-file__embed\" data=\"https:\/\/gommascope.org\/wp-content\/uploads\/2025\/11\/atelier-decouverte.pdf\" type=\"application\/pdf\" style=\"width:100%;height:600px\" aria-label=\"Contenu embarqu\u00e9 atelier decouverte du cin\u00e9ma d&#039;animation.\"><\/object><a id=\"wp-block-file--media-8fb0ad40-7708-4b5c-b3c3-7fa6b5611d14\" href=\"https:\/\/gommascope.org\/wp-content\/uploads\/2025\/11\/atelier-decouverte.pdf\">atelier decouverte du cin\u00e9ma d&rsquo;animation<\/a><a href=\"https:\/\/gommascope.org\/wp-content\/uploads\/2025\/11\/atelier-decouverte.pdf\" class=\"wp-block-file__button wp-element-button\" download aria-describedby=\"wp-block-file--media-8fb0ad40-7708-4b5c-b3c3-7fa6b5611d14\">T\u00e9l\u00e9charger<\/a><\/div>\n\n\n\n<div data-wp-interactive=\"core\/file\" class=\"wp-block-file\"><object data-wp-bind--hidden=\"!state.hasPdfPreview\" hidden class=\"wp-block-file__embed\" data=\"https:\/\/gommascope.org\/wp-content\/uploads\/2025\/11\/atelier-flipbook.pdf\" type=\"application\/pdf\" style=\"width:100%;height:600px\" aria-label=\"Contenu embarqu\u00e9 atelier flipbook.\"><\/object><a id=\"wp-block-file--media-70c6ac59-6322-4f7d-ba8a-2430b016f19c\" href=\"https:\/\/gommascope.org\/wp-content\/uploads\/2025\/11\/atelier-flipbook.pdf\">atelier flipbook<\/a><a href=\"https:\/\/gommascope.org\/wp-content\/uploads\/2025\/11\/atelier-flipbook.pdf\" class=\"wp-block-file__button wp-element-button\" download aria-describedby=\"wp-block-file--media-70c6ac59-6322-4f7d-ba8a-2430b016f19c\">T\u00e9l\u00e9charger<\/a><\/div>\n\n\n\n<p><\/p>\n","protected":false},"excerpt":{"rendered":"<p>Deux programmes d&rsquo;atelier courts, 2 \u00e0 3 h autour du cin\u00e9ma d&rsquo;animation \u00e0 r\u00e9aliser lors d&rsquo;\u00e9v\u00e8nement, festival o\u00f9 en m\u00e9diath\u00e8que.<\/p>\n","protected":false},"author":1,"featured_media":0,"parent":0,"menu_order":0,"comment_status":"closed","ping_status":"closed","template":"","meta":{"footnotes":""},"class_list":["post-755","page","type-page","status-publish","hentry"],"yoast_head":"<!-- This site is optimized with the Yoast SEO plugin v26.3 - https:\/\/yoast.com\/wordpress\/plugins\/seo\/ -->\n<title>Ateliers cin\u00e9ma d&#039;animation pour m\u00e9diath\u00e8ques, festival... - Le Gommascope<\/title>\n<meta name=\"robots\" content=\"index, follow, max-snippet:-1, max-image-preview:large, max-video-preview:-1\" \/>\n<link rel=\"canonical\" href=\"https:\/\/gommascope.org\/index.php\/ateliers-cinema-danimation-pour-mediatheques-festival\/\" \/>\n<meta property=\"og:locale\" content=\"fr_FR\" \/>\n<meta property=\"og:type\" content=\"article\" \/>\n<meta property=\"og:title\" content=\"Ateliers cin\u00e9ma d&#039;animation pour m\u00e9diath\u00e8ques, festival... - Le Gommascope\" \/>\n<meta property=\"og:description\" content=\"Deux programmes d&rsquo;atelier courts, 2 \u00e0 3 h autour du cin\u00e9ma d&rsquo;animation \u00e0 r\u00e9aliser lors d&rsquo;\u00e9v\u00e8nement, festival o\u00f9 en m\u00e9diath\u00e8que.\" \/>\n<meta property=\"og:url\" content=\"https:\/\/gommascope.org\/index.php\/ateliers-cinema-danimation-pour-mediatheques-festival\/\" \/>\n<meta property=\"og:site_name\" content=\"Le Gommascope\" \/>\n<meta property=\"article:modified_time\" content=\"2025-11-10T16:14:50+00:00\" \/>\n<meta name=\"twitter:card\" content=\"summary_large_image\" \/>\n<meta name=\"twitter:label1\" content=\"Dur\u00e9e de lecture estim\u00e9e\" \/>\n\t<meta name=\"twitter:data1\" content=\"1 minute\" \/>\n<script type=\"application\/ld+json\" class=\"yoast-schema-graph\">{\"@context\":\"https:\/\/schema.org\",\"@graph\":[{\"@type\":\"WebPage\",\"@id\":\"https:\/\/gommascope.org\/index.php\/ateliers-cinema-danimation-pour-mediatheques-festival\/\",\"url\":\"https:\/\/gommascope.org\/index.php\/ateliers-cinema-danimation-pour-mediatheques-festival\/\",\"name\":\"Ateliers cin\u00e9ma d'animation pour m\u00e9diath\u00e8ques, festival... - Le Gommascope\",\"isPartOf\":{\"@id\":\"https:\/\/gommascope.org\/#website\"},\"datePublished\":\"2025-11-10T16:14:09+00:00\",\"dateModified\":\"2025-11-10T16:14:50+00:00\",\"breadcrumb\":{\"@id\":\"https:\/\/gommascope.org\/index.php\/ateliers-cinema-danimation-pour-mediatheques-festival\/#breadcrumb\"},\"inLanguage\":\"fr-FR\",\"potentialAction\":[{\"@type\":\"ReadAction\",\"target\":[\"https:\/\/gommascope.org\/index.php\/ateliers-cinema-danimation-pour-mediatheques-festival\/\"]}]},{\"@type\":\"BreadcrumbList\",\"@id\":\"https:\/\/gommascope.org\/index.php\/ateliers-cinema-danimation-pour-mediatheques-festival\/#breadcrumb\",\"itemListElement\":[{\"@type\":\"ListItem\",\"position\":1,\"name\":\"Accueil\",\"item\":\"https:\/\/gommascope.org\/\"},{\"@type\":\"ListItem\",\"position\":2,\"name\":\"Ateliers cin\u00e9ma d&rsquo;animation pour m\u00e9diath\u00e8ques, festival&#8230;\"}]},{\"@type\":\"WebSite\",\"@id\":\"https:\/\/gommascope.org\/#website\",\"url\":\"https:\/\/gommascope.org\/\",\"name\":\"Le Gommascope\",\"description\":\"Ateliers de cr\u00e9ation artistique et d\u2019\u00e9ducation \u00e0 l\u2019image\",\"publisher\":{\"@id\":\"https:\/\/gommascope.org\/#organization\"},\"potentialAction\":[{\"@type\":\"SearchAction\",\"target\":{\"@type\":\"EntryPoint\",\"urlTemplate\":\"https:\/\/gommascope.org\/?s={search_term_string}\"},\"query-input\":{\"@type\":\"PropertyValueSpecification\",\"valueRequired\":true,\"valueName\":\"search_term_string\"}}],\"inLanguage\":\"fr-FR\"},{\"@type\":\"Organization\",\"@id\":\"https:\/\/gommascope.org\/#organization\",\"name\":\"Le Gommascope\",\"url\":\"https:\/\/gommascope.org\/\",\"logo\":{\"@type\":\"ImageObject\",\"inLanguage\":\"fr-FR\",\"@id\":\"https:\/\/gommascope.org\/#\/schema\/logo\/image\/\",\"url\":\"https:\/\/gommascope.org\/wp-content\/uploads\/2023\/10\/logo-webp.webp\",\"contentUrl\":\"https:\/\/gommascope.org\/wp-content\/uploads\/2023\/10\/logo-webp.webp\",\"width\":92,\"height\":92,\"caption\":\"Le Gommascope\"},\"image\":{\"@id\":\"https:\/\/gommascope.org\/#\/schema\/logo\/image\/\"}}]}<\/script>\n<!-- \/ Yoast SEO plugin. -->","yoast_head_json":{"title":"Ateliers cin\u00e9ma d'animation pour m\u00e9diath\u00e8ques, festival... - Le Gommascope","robots":{"index":"index","follow":"follow","max-snippet":"max-snippet:-1","max-image-preview":"max-image-preview:large","max-video-preview":"max-video-preview:-1"},"canonical":"https:\/\/gommascope.org\/index.php\/ateliers-cinema-danimation-pour-mediatheques-festival\/","og_locale":"fr_FR","og_type":"article","og_title":"Ateliers cin\u00e9ma d'animation pour m\u00e9diath\u00e8ques, festival... - Le Gommascope","og_description":"Deux programmes d&rsquo;atelier courts, 2 \u00e0 3 h autour du cin\u00e9ma d&rsquo;animation \u00e0 r\u00e9aliser lors d&rsquo;\u00e9v\u00e8nement, festival o\u00f9 en m\u00e9diath\u00e8que.","og_url":"https:\/\/gommascope.org\/index.php\/ateliers-cinema-danimation-pour-mediatheques-festival\/","og_site_name":"Le Gommascope","article_modified_time":"2025-11-10T16:14:50+00:00","twitter_card":"summary_large_image","twitter_misc":{"Dur\u00e9e de lecture estim\u00e9e":"1 minute"},"schema":{"@context":"https:\/\/schema.org","@graph":[{"@type":"WebPage","@id":"https:\/\/gommascope.org\/index.php\/ateliers-cinema-danimation-pour-mediatheques-festival\/","url":"https:\/\/gommascope.org\/index.php\/ateliers-cinema-danimation-pour-mediatheques-festival\/","name":"Ateliers cin\u00e9ma d'animation pour m\u00e9diath\u00e8ques, festival... - Le Gommascope","isPartOf":{"@id":"https:\/\/gommascope.org\/#website"},"datePublished":"2025-11-10T16:14:09+00:00","dateModified":"2025-11-10T16:14:50+00:00","breadcrumb":{"@id":"https:\/\/gommascope.org\/index.php\/ateliers-cinema-danimation-pour-mediatheques-festival\/#breadcrumb"},"inLanguage":"fr-FR","potentialAction":[{"@type":"ReadAction","target":["https:\/\/gommascope.org\/index.php\/ateliers-cinema-danimation-pour-mediatheques-festival\/"]}]},{"@type":"BreadcrumbList","@id":"https:\/\/gommascope.org\/index.php\/ateliers-cinema-danimation-pour-mediatheques-festival\/#breadcrumb","itemListElement":[{"@type":"ListItem","position":1,"name":"Accueil","item":"https:\/\/gommascope.org\/"},{"@type":"ListItem","position":2,"name":"Ateliers cin\u00e9ma d&rsquo;animation pour m\u00e9diath\u00e8ques, festival&#8230;"}]},{"@type":"WebSite","@id":"https:\/\/gommascope.org\/#website","url":"https:\/\/gommascope.org\/","name":"Le Gommascope","description":"Ateliers de cr\u00e9ation artistique et d\u2019\u00e9ducation \u00e0 l\u2019image","publisher":{"@id":"https:\/\/gommascope.org\/#organization"},"potentialAction":[{"@type":"SearchAction","target":{"@type":"EntryPoint","urlTemplate":"https:\/\/gommascope.org\/?s={search_term_string}"},"query-input":{"@type":"PropertyValueSpecification","valueRequired":true,"valueName":"search_term_string"}}],"inLanguage":"fr-FR"},{"@type":"Organization","@id":"https:\/\/gommascope.org\/#organization","name":"Le Gommascope","url":"https:\/\/gommascope.org\/","logo":{"@type":"ImageObject","inLanguage":"fr-FR","@id":"https:\/\/gommascope.org\/#\/schema\/logo\/image\/","url":"https:\/\/gommascope.org\/wp-content\/uploads\/2023\/10\/logo-webp.webp","contentUrl":"https:\/\/gommascope.org\/wp-content\/uploads\/2023\/10\/logo-webp.webp","width":92,"height":92,"caption":"Le Gommascope"},"image":{"@id":"https:\/\/gommascope.org\/#\/schema\/logo\/image\/"}}]}},"_links":{"self":[{"href":"https:\/\/gommascope.org\/index.php\/wp-json\/wp\/v2\/pages\/755","targetHints":{"allow":["GET"]}}],"collection":[{"href":"https:\/\/gommascope.org\/index.php\/wp-json\/wp\/v2\/pages"}],"about":[{"href":"https:\/\/gommascope.org\/index.php\/wp-json\/wp\/v2\/types\/page"}],"author":[{"embeddable":true,"href":"https:\/\/gommascope.org\/index.php\/wp-json\/wp\/v2\/users\/1"}],"replies":[{"embeddable":true,"href":"https:\/\/gommascope.org\/index.php\/wp-json\/wp\/v2\/comments?post=755"}],"version-history":[{"count":2,"href":"https:\/\/gommascope.org\/index.php\/wp-json\/wp\/v2\/pages\/755\/revisions"}],"predecessor-version":[{"id":759,"href":"https:\/\/gommascope.org\/index.php\/wp-json\/wp\/v2\/pages\/755\/revisions\/759"}],"wp:attachment":[{"href":"https:\/\/gommascope.org\/index.php\/wp-json\/wp\/v2\/media?parent=755"}],"curies":[{"name":"wp","href":"https:\/\/api.w.org\/{rel}","templated":true}]}}