{"id":90,"date":"2018-03-26T00:01:55","date_gmt":"2018-03-25T22:01:55","guid":{"rendered":"http:\/\/gommascope.org\/?page_id=90"},"modified":"2024-07-08T16:51:18","modified_gmt":"2024-07-08T14:51:18","slug":"accueil","status":"publish","type":"page","link":"https:\/\/gommascope.org\/","title":{"rendered":"Les ateliers du Gommascope"},"content":{"rendered":"\n<p>Des <strong>ateliers de cr\u00e9ation artistique et d\u2019\u00e9ducation \u00e0 l\u2019image<\/strong>, du cin\u00e9ma d\u2019animation, de la photographie, et de la bande-dessin\u00e9e \u00e0 destination des enfants mais pas que.<\/p>\n\n\n\n<p>Le Gommascope, c\u2019est un collectif n\u00e9 de l\u2019envie commune de <strong>Nicolas Boug\u00e8re<\/strong> (cin\u00e9ma d\u2019animation), <strong>Julie Hauber<\/strong> (photographie) et <strong>Amandine Wadre-Puntous<\/strong> (bande-dessin\u00e9e) de partager leurs exp\u00e9riences d&rsquo;animation d&rsquo;atelier, tout en cr\u00e9ant des ponts entre leurs disciplines respectives.<\/p>\n\n\n\n<p>Nous proposons des ateliers scolaires ou pour des centres de loisirs, mjc autour de Lyon, dans le Rh\u00f4ne, l&rsquo;Ain, l\u2019Is\u00e8re.<\/p>\n\n\n\n<p><\/p>\n\n\n\n<figure class=\"wp-block-gallery alignwide has-nested-images columns-default is-cropped wp-block-gallery-1 is-layout-flex wp-block-gallery-is-layout-flex\">\n<figure class=\"wp-block-image size-large\"><a href=\"https:\/\/gommascope.org\/wp-content\/uploads\/2019\/05\/002_15x22.jpg\"><img loading=\"lazy\" decoding=\"async\" width=\"1024\" height=\"683\" data-id=\"266\" src=\"https:\/\/gommascope.org\/wp-content\/uploads\/2019\/05\/002_15x22-1024x683.jpg\" alt=\"\" class=\"wp-image-266\" srcset=\"https:\/\/gommascope.org\/wp-content\/uploads\/2019\/05\/002_15x22-1024x683.jpg 1024w, https:\/\/gommascope.org\/wp-content\/uploads\/2019\/05\/002_15x22-300x200.jpg 300w, https:\/\/gommascope.org\/wp-content\/uploads\/2019\/05\/002_15x22-768x512.jpg 768w\" sizes=\"auto, (max-width: 1024px) 100vw, 1024px\" \/><\/a><\/figure>\n\n\n\n<figure class=\"wp-block-image size-large\"><a href=\"https:\/\/gommascope.org\/wp-content\/uploads\/2022\/04\/DSCPDC_0000_BURST20210602145343584-scaled.jpg\"><img loading=\"lazy\" decoding=\"async\" width=\"2560\" height=\"1440\" data-id=\"498\" src=\"https:\/\/gommascope.org\/wp-content\/uploads\/2022\/04\/DSCPDC_0000_BURST20210602145343584-scaled.jpg\" alt=\"Atelier de r\u00e9alisation d'un film en papier d\u00e9coup\u00e9\" class=\"wp-image-498\" srcset=\"https:\/\/gommascope.org\/wp-content\/uploads\/2022\/04\/DSCPDC_0000_BURST20210602145343584-scaled.jpg 2560w, https:\/\/gommascope.org\/wp-content\/uploads\/2022\/04\/DSCPDC_0000_BURST20210602145343584-300x169.jpg 300w, https:\/\/gommascope.org\/wp-content\/uploads\/2022\/04\/DSCPDC_0000_BURST20210602145343584-1024x576.jpg 1024w, https:\/\/gommascope.org\/wp-content\/uploads\/2022\/04\/DSCPDC_0000_BURST20210602145343584-768x432.jpg 768w, https:\/\/gommascope.org\/wp-content\/uploads\/2022\/04\/DSCPDC_0000_BURST20210602145343584-1536x864.jpg 1536w, https:\/\/gommascope.org\/wp-content\/uploads\/2022\/04\/DSCPDC_0000_BURST20210602145343584-2048x1152.jpg 2048w, https:\/\/gommascope.org\/wp-content\/uploads\/2022\/04\/DSCPDC_0000_BURST20210602145343584-1200x675.jpg 1200w, https:\/\/gommascope.org\/wp-content\/uploads\/2022\/04\/DSCPDC_0000_BURST20210602145343584-1980x1114.jpg 1980w, https:\/\/gommascope.org\/wp-content\/uploads\/2022\/04\/DSCPDC_0000_BURST20210602145343584-1320x743.jpg 1320w\" sizes=\"auto, (max-width: 2560px) 100vw, 2560px\" \/><\/a><\/figure>\n\n\n\n<figure class=\"wp-block-image size-large\"><a href=\"https:\/\/gommascope.org\/wp-content\/uploads\/2019\/04\/36596388_10156857103224276_2759430970586169344_o.jpg\"><img loading=\"lazy\" decoding=\"async\" width=\"2048\" height=\"1367\" data-id=\"235\" src=\"https:\/\/gommascope.org\/wp-content\/uploads\/2019\/04\/36596388_10156857103224276_2759430970586169344_o.jpg\" alt=\"\" class=\"wp-image-235\" srcset=\"https:\/\/gommascope.org\/wp-content\/uploads\/2019\/04\/36596388_10156857103224276_2759430970586169344_o.jpg 2048w, https:\/\/gommascope.org\/wp-content\/uploads\/2019\/04\/36596388_10156857103224276_2759430970586169344_o-300x200.jpg 300w, https:\/\/gommascope.org\/wp-content\/uploads\/2019\/04\/36596388_10156857103224276_2759430970586169344_o-768x513.jpg 768w, https:\/\/gommascope.org\/wp-content\/uploads\/2019\/04\/36596388_10156857103224276_2759430970586169344_o-1024x684.jpg 1024w\" sizes=\"auto, (max-width: 2048px) 100vw, 2048px\" \/><\/a><\/figure>\n\n\n\n<figure class=\"wp-block-image size-large\"><a href=\"https:\/\/gommascope.org\/wp-content\/uploads\/2020\/04\/Capture-d\u2019\u00e9cran-de-2020-04-11-17-55-38.png\"><img loading=\"lazy\" decoding=\"async\" width=\"1920\" height=\"1080\" data-id=\"374\" src=\"https:\/\/gommascope.org\/wp-content\/uploads\/2020\/04\/Capture-d\u2019\u00e9cran-de-2020-04-11-17-55-38.png\" alt=\"Atelier photo-animation\" class=\"wp-image-374\" srcset=\"https:\/\/gommascope.org\/wp-content\/uploads\/2020\/04\/Capture-d\u2019\u00e9cran-de-2020-04-11-17-55-38.png 1920w, https:\/\/gommascope.org\/wp-content\/uploads\/2020\/04\/Capture-d\u2019\u00e9cran-de-2020-04-11-17-55-38-300x169.png 300w, https:\/\/gommascope.org\/wp-content\/uploads\/2020\/04\/Capture-d\u2019\u00e9cran-de-2020-04-11-17-55-38-1024x576.png 1024w, https:\/\/gommascope.org\/wp-content\/uploads\/2020\/04\/Capture-d\u2019\u00e9cran-de-2020-04-11-17-55-38-768x432.png 768w, https:\/\/gommascope.org\/wp-content\/uploads\/2020\/04\/Capture-d\u2019\u00e9cran-de-2020-04-11-17-55-38-1536x864.png 1536w, https:\/\/gommascope.org\/wp-content\/uploads\/2020\/04\/Capture-d\u2019\u00e9cran-de-2020-04-11-17-55-38-1320x743.png 1320w\" sizes=\"auto, (max-width: 1920px) 100vw, 1920px\" \/><\/a><\/figure>\n\n\n\n<figure class=\"wp-block-image size-large\"><a href=\"https:\/\/gommascope.org\/wp-content\/uploads\/2022\/04\/DSC_8682-scaled.jpg\"><img loading=\"lazy\" decoding=\"async\" width=\"1024\" height=\"576\" data-id=\"497\" src=\"https:\/\/gommascope.org\/wp-content\/uploads\/2022\/04\/DSC_8682-1024x576.jpg\" alt=\"R\u00e9alisation d'un film en p\u00e2te \u00e0 modeler\" class=\"wp-image-497\" srcset=\"https:\/\/gommascope.org\/wp-content\/uploads\/2022\/04\/DSC_8682-1024x576.jpg 1024w, https:\/\/gommascope.org\/wp-content\/uploads\/2022\/04\/DSC_8682-300x169.jpg 300w, https:\/\/gommascope.org\/wp-content\/uploads\/2022\/04\/DSC_8682-768x432.jpg 768w, https:\/\/gommascope.org\/wp-content\/uploads\/2022\/04\/DSC_8682-1536x864.jpg 1536w, https:\/\/gommascope.org\/wp-content\/uploads\/2022\/04\/DSC_8682-2048x1152.jpg 2048w, https:\/\/gommascope.org\/wp-content\/uploads\/2022\/04\/DSC_8682-1200x675.jpg 1200w, https:\/\/gommascope.org\/wp-content\/uploads\/2022\/04\/DSC_8682-1980x1114.jpg 1980w, https:\/\/gommascope.org\/wp-content\/uploads\/2022\/04\/DSC_8682-1320x743.jpg 1320w\" sizes=\"auto, (max-width: 1024px) 100vw, 1024px\" \/><\/a><\/figure>\n\n\n\n<figure class=\"wp-block-image size-large\"><a href=\"https:\/\/gommascope.org\/wp-content\/uploads\/2021\/05\/vlcsnap-2021-05-06-12h13m44s503.png\"><img loading=\"lazy\" decoding=\"async\" width=\"1024\" height=\"576\" data-id=\"489\" src=\"https:\/\/gommascope.org\/wp-content\/uploads\/2021\/05\/vlcsnap-2021-05-06-12h13m44s503-1024x576.png\" alt=\"\" class=\"wp-image-489\" srcset=\"https:\/\/gommascope.org\/wp-content\/uploads\/2021\/05\/vlcsnap-2021-05-06-12h13m44s503-1024x576.png 1024w, https:\/\/gommascope.org\/wp-content\/uploads\/2021\/05\/vlcsnap-2021-05-06-12h13m44s503-300x169.png 300w, https:\/\/gommascope.org\/wp-content\/uploads\/2021\/05\/vlcsnap-2021-05-06-12h13m44s503-768x432.png 768w, https:\/\/gommascope.org\/wp-content\/uploads\/2021\/05\/vlcsnap-2021-05-06-12h13m44s503-1536x864.png 1536w, https:\/\/gommascope.org\/wp-content\/uploads\/2021\/05\/vlcsnap-2021-05-06-12h13m44s503-1200x675.png 1200w, https:\/\/gommascope.org\/wp-content\/uploads\/2021\/05\/vlcsnap-2021-05-06-12h13m44s503-1320x743.png 1320w, https:\/\/gommascope.org\/wp-content\/uploads\/2021\/05\/vlcsnap-2021-05-06-12h13m44s503.png 1920w\" sizes=\"auto, (max-width: 1024px) 100vw, 1024px\" \/><\/a><\/figure>\n<\/figure>\n\n\n\n<p>La cr\u00e9ation des <strong>Ateliers du Gommascope<\/strong> a pour objectif de pouvoir proposer une diversit\u00e9 d&rsquo;approches et de supports relatifs au travail de l&rsquo;image pour&nbsp;:<\/p>\n\n\n\n<ul class=\"wp-block-list\">\n<li>faire vivre son imaginaire et exprimer sa cr\u00e9ativit\u00e9,<\/li>\n\n\n\n<li>d\u00e9couvrir le langage cin\u00e9matographique, la composition de l&rsquo;image,<\/li>\n\n\n\n<li>raconter des histoires,<\/li>\n\n\n\n<li>questionner des probl\u00e9matiques \u00e9conomiques, sociales ou environnementales,<\/li>\n\n\n\n<li>s&rsquo;interroger sur soi, son identit\u00e9, son parcours, ses envies,<\/li>\n\n\n\n<li>d\u00e9couvrir, analyser et restituer d&rsquo;une autre mani\u00e8re une oeuvre d\u00e9j\u00e0 existante,<\/li>\n\n\n\n<li>s&rsquo;amuser&nbsp;!<\/li>\n<\/ul>\n\n\n\n<p>Vous pouvez nous retrouver ainsi que nos ateliers sur la plateforme ADAGE, sur celle du PASS CULTURE ou sur le site de la <a href=\"https:\/\/www.ac-lyon.fr\/education-artistique-culturelle\">DAAC<\/a> de l&rsquo;acad\u00e9mie de Lyon.<\/p>\n","protected":false},"excerpt":{"rendered":"<p>Des ateliers de cr\u00e9ation artistique et d\u2019\u00e9ducation \u00e0 l\u2019image, du cin\u00e9ma d\u2019animation, de la photographie, et de la bande-dessin\u00e9e \u00e0 destination des enfants mais pas que. Le Gommascope, c\u2019est un collectif n\u00e9 de l\u2019envie commune de Nicolas Boug\u00e8re (cin\u00e9ma d\u2019animation), Julie Hauber (photographie) et Amandine Wadre-Puntous (bande-dessin\u00e9e) de partager leurs exp\u00e9riences d&rsquo;animation d&rsquo;atelier, tout en [&hellip;]<\/p>\n","protected":false},"author":1,"featured_media":497,"parent":0,"menu_order":0,"comment_status":"closed","ping_status":"closed","template":"","meta":{"footnotes":""},"class_list":["post-90","page","type-page","status-publish","has-post-thumbnail","hentry"],"yoast_head":"<!-- This site is optimized with the Yoast SEO plugin v26.3 - https:\/\/yoast.com\/wordpress\/plugins\/seo\/ -->\n<title>Les ateliers du Gommascope - Le Gommascope<\/title>\n<meta name=\"description\" content=\"Des ateliers de cr\u00e9ation artistique et d\u2019\u00e9ducation \u00e0 l\u2019image, du cin\u00e9ma d\u2019animation, de la photographie autour de Lyon.\" \/>\n<meta name=\"robots\" content=\"index, follow, max-snippet:-1, max-image-preview:large, max-video-preview:-1\" \/>\n<link rel=\"canonical\" href=\"https:\/\/gommascope.org\/\" \/>\n<meta property=\"og:locale\" content=\"fr_FR\" \/>\n<meta property=\"og:type\" content=\"article\" \/>\n<meta property=\"og:title\" content=\"Les ateliers du Gommascope - Le Gommascope\" \/>\n<meta property=\"og:description\" content=\"Des ateliers de cr\u00e9ation artistique et d\u2019\u00e9ducation \u00e0 l\u2019image, du cin\u00e9ma d\u2019animation, de la photographie autour de Lyon.\" \/>\n<meta property=\"og:url\" content=\"https:\/\/gommascope.org\/\" \/>\n<meta property=\"og:site_name\" content=\"Le Gommascope\" \/>\n<meta property=\"article:modified_time\" content=\"2024-07-08T14:51:18+00:00\" \/>\n<meta property=\"og:image\" content=\"https:\/\/gommascope.org\/wp-content\/uploads\/2022\/04\/DSC_8682-scaled.jpg\" \/>\n\t<meta property=\"og:image:width\" content=\"2560\" \/>\n\t<meta property=\"og:image:height\" content=\"1440\" \/>\n\t<meta property=\"og:image:type\" content=\"image\/jpeg\" \/>\n<meta name=\"twitter:card\" content=\"summary_large_image\" \/>\n<meta name=\"twitter:label1\" content=\"Dur\u00e9e de lecture estim\u00e9e\" \/>\n\t<meta name=\"twitter:data1\" content=\"3 minutes\" \/>\n<script type=\"application\/ld+json\" class=\"yoast-schema-graph\">{\"@context\":\"https:\/\/schema.org\",\"@graph\":[{\"@type\":\"WebPage\",\"@id\":\"https:\/\/gommascope.org\/\",\"url\":\"https:\/\/gommascope.org\/\",\"name\":\"Les ateliers du Gommascope - Le Gommascope\",\"isPartOf\":{\"@id\":\"https:\/\/gommascope.org\/#website\"},\"primaryImageOfPage\":{\"@id\":\"https:\/\/gommascope.org\/#primaryimage\"},\"image\":{\"@id\":\"https:\/\/gommascope.org\/#primaryimage\"},\"thumbnailUrl\":\"https:\/\/gommascope.org\/wp-content\/uploads\/2022\/04\/DSC_8682-scaled.jpg\",\"datePublished\":\"2018-03-25T22:01:55+00:00\",\"dateModified\":\"2024-07-08T14:51:18+00:00\",\"description\":\"Des ateliers de cr\u00e9ation artistique et d\u2019\u00e9ducation \u00e0 l\u2019image, du cin\u00e9ma d\u2019animation, de la photographie autour de Lyon.\",\"breadcrumb\":{\"@id\":\"https:\/\/gommascope.org\/#breadcrumb\"},\"inLanguage\":\"fr-FR\",\"potentialAction\":[{\"@type\":\"ReadAction\",\"target\":[\"https:\/\/gommascope.org\/\"]}]},{\"@type\":\"ImageObject\",\"inLanguage\":\"fr-FR\",\"@id\":\"https:\/\/gommascope.org\/#primaryimage\",\"url\":\"https:\/\/gommascope.org\/wp-content\/uploads\/2022\/04\/DSC_8682-scaled.jpg\",\"contentUrl\":\"https:\/\/gommascope.org\/wp-content\/uploads\/2022\/04\/DSC_8682-scaled.jpg\",\"width\":2560,\"height\":1440,\"caption\":\"R\u00e9alisation d'un film en p\u00e2te \u00e0 modeler\"},{\"@type\":\"BreadcrumbList\",\"@id\":\"https:\/\/gommascope.org\/#breadcrumb\",\"itemListElement\":[{\"@type\":\"ListItem\",\"position\":1,\"name\":\"Accueil\",\"item\":\"https:\/\/gommascope.org\/\"},{\"@type\":\"ListItem\",\"position\":2,\"name\":\"Les ateliers du Gommascope\"}]},{\"@type\":\"WebSite\",\"@id\":\"https:\/\/gommascope.org\/#website\",\"url\":\"https:\/\/gommascope.org\/\",\"name\":\"Le Gommascope\",\"description\":\"Ateliers de cr\u00e9ation artistique et d\u2019\u00e9ducation \u00e0 l\u2019image\",\"publisher\":{\"@id\":\"https:\/\/gommascope.org\/#organization\"},\"potentialAction\":[{\"@type\":\"SearchAction\",\"target\":{\"@type\":\"EntryPoint\",\"urlTemplate\":\"https:\/\/gommascope.org\/?s={search_term_string}\"},\"query-input\":{\"@type\":\"PropertyValueSpecification\",\"valueRequired\":true,\"valueName\":\"search_term_string\"}}],\"inLanguage\":\"fr-FR\"},{\"@type\":\"Organization\",\"@id\":\"https:\/\/gommascope.org\/#organization\",\"name\":\"Le Gommascope\",\"url\":\"https:\/\/gommascope.org\/\",\"logo\":{\"@type\":\"ImageObject\",\"inLanguage\":\"fr-FR\",\"@id\":\"https:\/\/gommascope.org\/#\/schema\/logo\/image\/\",\"url\":\"https:\/\/gommascope.org\/wp-content\/uploads\/2023\/10\/logo-webp.webp\",\"contentUrl\":\"https:\/\/gommascope.org\/wp-content\/uploads\/2023\/10\/logo-webp.webp\",\"width\":92,\"height\":92,\"caption\":\"Le Gommascope\"},\"image\":{\"@id\":\"https:\/\/gommascope.org\/#\/schema\/logo\/image\/\"}}]}<\/script>\n<!-- \/ Yoast SEO plugin. -->","yoast_head_json":{"title":"Les ateliers du Gommascope - Le Gommascope","description":"Des ateliers de cr\u00e9ation artistique et d\u2019\u00e9ducation \u00e0 l\u2019image, du cin\u00e9ma d\u2019animation, de la photographie autour de Lyon.","robots":{"index":"index","follow":"follow","max-snippet":"max-snippet:-1","max-image-preview":"max-image-preview:large","max-video-preview":"max-video-preview:-1"},"canonical":"https:\/\/gommascope.org\/","og_locale":"fr_FR","og_type":"article","og_title":"Les ateliers du Gommascope - Le Gommascope","og_description":"Des ateliers de cr\u00e9ation artistique et d\u2019\u00e9ducation \u00e0 l\u2019image, du cin\u00e9ma d\u2019animation, de la photographie autour de Lyon.","og_url":"https:\/\/gommascope.org\/","og_site_name":"Le Gommascope","article_modified_time":"2024-07-08T14:51:18+00:00","og_image":[{"width":2560,"height":1440,"url":"https:\/\/gommascope.org\/wp-content\/uploads\/2022\/04\/DSC_8682-scaled.jpg","type":"image\/jpeg"}],"twitter_card":"summary_large_image","twitter_misc":{"Dur\u00e9e de lecture estim\u00e9e":"3 minutes"},"schema":{"@context":"https:\/\/schema.org","@graph":[{"@type":"WebPage","@id":"https:\/\/gommascope.org\/","url":"https:\/\/gommascope.org\/","name":"Les ateliers du Gommascope - Le Gommascope","isPartOf":{"@id":"https:\/\/gommascope.org\/#website"},"primaryImageOfPage":{"@id":"https:\/\/gommascope.org\/#primaryimage"},"image":{"@id":"https:\/\/gommascope.org\/#primaryimage"},"thumbnailUrl":"https:\/\/gommascope.org\/wp-content\/uploads\/2022\/04\/DSC_8682-scaled.jpg","datePublished":"2018-03-25T22:01:55+00:00","dateModified":"2024-07-08T14:51:18+00:00","description":"Des ateliers de cr\u00e9ation artistique et d\u2019\u00e9ducation \u00e0 l\u2019image, du cin\u00e9ma d\u2019animation, de la photographie autour de Lyon.","breadcrumb":{"@id":"https:\/\/gommascope.org\/#breadcrumb"},"inLanguage":"fr-FR","potentialAction":[{"@type":"ReadAction","target":["https:\/\/gommascope.org\/"]}]},{"@type":"ImageObject","inLanguage":"fr-FR","@id":"https:\/\/gommascope.org\/#primaryimage","url":"https:\/\/gommascope.org\/wp-content\/uploads\/2022\/04\/DSC_8682-scaled.jpg","contentUrl":"https:\/\/gommascope.org\/wp-content\/uploads\/2022\/04\/DSC_8682-scaled.jpg","width":2560,"height":1440,"caption":"R\u00e9alisation d'un film en p\u00e2te \u00e0 modeler"},{"@type":"BreadcrumbList","@id":"https:\/\/gommascope.org\/#breadcrumb","itemListElement":[{"@type":"ListItem","position":1,"name":"Accueil","item":"https:\/\/gommascope.org\/"},{"@type":"ListItem","position":2,"name":"Les ateliers du Gommascope"}]},{"@type":"WebSite","@id":"https:\/\/gommascope.org\/#website","url":"https:\/\/gommascope.org\/","name":"Le Gommascope","description":"Ateliers de cr\u00e9ation artistique et d\u2019\u00e9ducation \u00e0 l\u2019image","publisher":{"@id":"https:\/\/gommascope.org\/#organization"},"potentialAction":[{"@type":"SearchAction","target":{"@type":"EntryPoint","urlTemplate":"https:\/\/gommascope.org\/?s={search_term_string}"},"query-input":{"@type":"PropertyValueSpecification","valueRequired":true,"valueName":"search_term_string"}}],"inLanguage":"fr-FR"},{"@type":"Organization","@id":"https:\/\/gommascope.org\/#organization","name":"Le Gommascope","url":"https:\/\/gommascope.org\/","logo":{"@type":"ImageObject","inLanguage":"fr-FR","@id":"https:\/\/gommascope.org\/#\/schema\/logo\/image\/","url":"https:\/\/gommascope.org\/wp-content\/uploads\/2023\/10\/logo-webp.webp","contentUrl":"https:\/\/gommascope.org\/wp-content\/uploads\/2023\/10\/logo-webp.webp","width":92,"height":92,"caption":"Le Gommascope"},"image":{"@id":"https:\/\/gommascope.org\/#\/schema\/logo\/image\/"}}]}},"_links":{"self":[{"href":"https:\/\/gommascope.org\/index.php\/wp-json\/wp\/v2\/pages\/90","targetHints":{"allow":["GET"]}}],"collection":[{"href":"https:\/\/gommascope.org\/index.php\/wp-json\/wp\/v2\/pages"}],"about":[{"href":"https:\/\/gommascope.org\/index.php\/wp-json\/wp\/v2\/types\/page"}],"author":[{"embeddable":true,"href":"https:\/\/gommascope.org\/index.php\/wp-json\/wp\/v2\/users\/1"}],"replies":[{"embeddable":true,"href":"https:\/\/gommascope.org\/index.php\/wp-json\/wp\/v2\/comments?post=90"}],"version-history":[{"count":17,"href":"https:\/\/gommascope.org\/index.php\/wp-json\/wp\/v2\/pages\/90\/revisions"}],"predecessor-version":[{"id":682,"href":"https:\/\/gommascope.org\/index.php\/wp-json\/wp\/v2\/pages\/90\/revisions\/682"}],"wp:featuredmedia":[{"embeddable":true,"href":"https:\/\/gommascope.org\/index.php\/wp-json\/wp\/v2\/media\/497"}],"wp:attachment":[{"href":"https:\/\/gommascope.org\/index.php\/wp-json\/wp\/v2\/media?parent=90"}],"curies":[{"name":"wp","href":"https:\/\/api.w.org\/{rel}","templated":true}]}}